{"id":5168,"date":"2025-01-30T02:50:07","date_gmt":"2025-01-30T02:50:07","guid":{"rendered":"https:\/\/www.childrenfirst.ch\/imressum\/"},"modified":"2025-01-31T11:08:40","modified_gmt":"2025-01-31T11:08:40","slug":"imressum","status":"publish","type":"page","link":"https:\/\/www.childrenfirst.ch\/de\/imressum\/","title":{"rendered":"Impressum"},"content":{"rendered":"\t\t<div data-elementor-type=\"wp-page\" data-elementor-id=\"5168\" class=\"elementor elementor-5168 elementor-5164\" data-elementor-post-type=\"page\">\n\t\t\t\t<div class=\"elementor-element elementor-element-8cf96ce relative-section e-flex e-con-boxed e-con e-parent\" data-id=\"8cf96ce\" data-element_type=\"container\" data-e-type=\"container\">\n\t\t\t\t\t<div class=\"e-con-inner\">\n\t\t<div class=\"elementor-element elementor-element-627e5f4f e-con-full e-flex e-con e-child\" data-id=\"627e5f4f\" data-element_type=\"container\" data-e-type=\"container\" data-settings=\"{&quot;background_background&quot;:&quot;classic&quot;}\">\n\t\t<div class=\"elementor-element elementor-element-786c0f e-con-full e-flex e-con e-child\" data-id=\"786c0f\" data-element_type=\"container\" data-e-type=\"container\" data-settings=\"{&quot;background_background&quot;:&quot;classic&quot;}\">\n\t\t<div class=\"elementor-element elementor-element-2ecafca5 e-con-full e-flex e-con e-child\" data-id=\"2ecafca5\" data-element_type=\"container\" data-e-type=\"container\" data-settings=\"{&quot;background_background&quot;:&quot;classic&quot;}\">\n\t\t\t\t<div class=\"elementor-element elementor-element-5e086f2b elementor-widget__width-initial circle-box right-left elementor-widget elementor-widget-heading\" data-id=\"5e086f2b\" data-element_type=\"widget\" data-e-type=\"widget\" data-widget_type=\"heading.default\">\n\t\t\t\t<div class=\"elementor-widget-container\">\n\t\t\t\t\t<h2 class=\"elementor-heading-title elementor-size-default\">Impressum<\/h2>\t\t\t\t<\/div>\n\t\t\t\t<\/div>\n\t\t\t\t<\/div>\n\t\t\t\t<\/div>\n\t\t\t\t<\/div>\n\t\t<div class=\"elementor-element elementor-element-e007a36 e-con-full e-flex e-con e-child\" data-id=\"e007a36\" data-element_type=\"container\" data-e-type=\"container\" data-settings=\"{&quot;background_background&quot;:&quot;classic&quot;}\">\n\t\t<div class=\"elementor-element elementor-element-32c20052 e-con-full e-flex e-con e-child\" data-id=\"32c20052\" data-element_type=\"container\" data-e-type=\"container\" data-settings=\"{&quot;background_background&quot;:&quot;classic&quot;}\">\n\t\t\t\t<div class=\"elementor-element elementor-element-df4a5e5 elementor-widget elementor-widget-text-editor\" data-id=\"df4a5e5\" data-element_type=\"widget\" data-e-type=\"widget\" data-widget_type=\"text-editor.default\">\n\t\t\t\t<div class=\"elementor-widget-container\">\n\t\t\t\t\t\t\t\t\t<h2>Children First GmbH<\/h2><p><strong>Children First<\/strong> wurde im Jahr 2006 gegr\u00fcndet von <a href=\"https:\/\/www.childrenfirst.ch\/de\/monicas-geschichte\/\"><strong>Monica Shah <\/strong><\/a>einer Expertin f\u00fcr fr\u00fchkindliche Bildung, gegr\u00fcndet, um Kindern in der internationalen Gemeinschaft in Z\u00fcrich eine <strong>qualitativ hochwertige Betreuung<\/strong> <strong>und Bildung<\/strong> zu bieten.<\/p><p>Verantwortlich:<\/p><p>Monica Shah Zeeman<br \/>Direktorin<br \/>Freiestrasse 175<br \/>8032 Z\u00fcrich<\/p>\t\t\t\t\t\t\t\t<\/div>\n\t\t\t\t<\/div>\n\t\t\t\t<\/div>\n\t\t\t\t<\/div>\n\t\t\t\t\t<\/div>\n\t\t\t\t<\/div>\n\t\t\t\t<\/div>\n\t\t","protected":false},"excerpt":{"rendered":"<p>Impressum Children First GmbH Children First wurde im Jahr 2006 gegr\u00fcndet von Monica Shah einer Expertin f\u00fcr fr\u00fchkindliche Bildung, gegr\u00fcndet, um Kindern in der internationalen Gemeinschaft in Z\u00fcrich eine qualitativ hochwertige Betreuung und Bildung zu bieten. Verantwortlich: Monica Shah ZeemanDirektorinFreiestrasse 1758032 Z\u00fcrich<\/p>\n","protected":false},"author":2,"featured_media":0,"parent":0,"menu_order":0,"comment_status":"closed","ping_status":"closed","template":"","meta":{"_acf_changed":false,"footnotes":""},"class_list":["post-5168","page","type-page","status-publish","hentry"],"acf":[],"yoast_head":"<!-- This site is optimized with the Yoast SEO plugin v28.2 - https:\/\/yoast.com\/product\/yoast-seo-wordpress\/ -->\n<title>Impressum - Children First<\/title>\n<meta name=\"robots\" content=\"index, follow, max-snippet:-1, max-image-preview:large, max-video-preview:-1\" \/>\n<link rel=\"canonical\" href=\"https:\/\/www.childrenfirst.ch\/de\/imressum\/\" \/>\n<meta property=\"og:locale\" content=\"de_DE\" \/>\n<meta property=\"og:type\" content=\"article\" \/>\n<meta property=\"og:title\" content=\"Impressum - Children First\" \/>\n<meta property=\"og:description\" content=\"Impressum Children First GmbH Children First wurde im Jahr 2006 gegr\u00fcndet von Monica Shah einer Expertin f\u00fcr fr\u00fchkindliche Bildung, gegr\u00fcndet, um Kindern in der internationalen Gemeinschaft in Z\u00fcrich eine qualitativ hochwertige Betreuung und Bildung zu bieten. Verantwortlich: Monica Shah ZeemanDirektorinFreiestrasse 1758032 Z\u00fcrich\" \/>\n<meta property=\"og:url\" content=\"https:\/\/www.childrenfirst.ch\/de\/imressum\/\" \/>\n<meta property=\"og:site_name\" content=\"Children First\" \/>\n<meta property=\"article:modified_time\" content=\"2025-01-31T11:08:40+00:00\" \/>\n<meta property=\"og:image\" content=\"https:\/\/www.childrenfirst.ch\/wp-content\/uploads\/2024\/06\/josh-applegate-p_KJvKVsH14-unsplash-scaled.jpg\" \/>\n\t<meta property=\"og:image:width\" content=\"2560\" \/>\n\t<meta property=\"og:image:height\" content=\"1707\" \/>\n\t<meta property=\"og:image:type\" content=\"image\/jpeg\" \/>\n<meta name=\"twitter:card\" content=\"summary_large_image\" \/>\n<script type=\"application\/ld+json\" class=\"yoast-schema-graph\">{\"@context\":\"https:\\\/\\\/schema.org\",\"@graph\":[{\"@type\":\"WebPage\",\"@id\":\"https:\\\/\\\/www.childrenfirst.ch\\\/de\\\/imressum\\\/\",\"url\":\"https:\\\/\\\/www.childrenfirst.ch\\\/de\\\/imressum\\\/\",\"name\":\"Impressum - Children First\",\"isPartOf\":{\"@id\":\"https:\\\/\\\/www.childrenfirst.ch\\\/de\\\/#website\"},\"datePublished\":\"2025-01-30T02:50:07+00:00\",\"dateModified\":\"2025-01-31T11:08:40+00:00\",\"breadcrumb\":{\"@id\":\"https:\\\/\\\/www.childrenfirst.ch\\\/de\\\/imressum\\\/#breadcrumb\"},\"inLanguage\":\"de\",\"potentialAction\":[{\"@type\":\"ReadAction\",\"target\":[\"https:\\\/\\\/www.childrenfirst.ch\\\/de\\\/imressum\\\/\"]}]},{\"@type\":\"BreadcrumbList\",\"@id\":\"https:\\\/\\\/www.childrenfirst.ch\\\/de\\\/imressum\\\/#breadcrumb\",\"itemListElement\":[{\"@type\":\"ListItem\",\"position\":1,\"name\":\"Home\",\"item\":\"https:\\\/\\\/www.childrenfirst.ch\\\/de\\\/\"},{\"@type\":\"ListItem\",\"position\":2,\"name\":\"Impressum\"}]},{\"@type\":\"WebSite\",\"@id\":\"https:\\\/\\\/www.childrenfirst.ch\\\/de\\\/#website\",\"url\":\"https:\\\/\\\/www.childrenfirst.ch\\\/de\\\/\",\"name\":\"Children First\",\"description\":\"International daycare, preschool and kindergarten\",\"publisher\":{\"@id\":\"https:\\\/\\\/www.childrenfirst.ch\\\/de\\\/#organization\"},\"potentialAction\":[{\"@type\":\"SearchAction\",\"target\":{\"@type\":\"EntryPoint\",\"urlTemplate\":\"https:\\\/\\\/www.childrenfirst.ch\\\/de\\\/?s={search_term_string}\"},\"query-input\":{\"@type\":\"PropertyValueSpecification\",\"valueRequired\":true,\"valueName\":\"search_term_string\"}}],\"inLanguage\":\"de\"},{\"@type\":\"Organization\",\"@id\":\"https:\\\/\\\/www.childrenfirst.ch\\\/de\\\/#organization\",\"name\":\"Children First\",\"url\":\"https:\\\/\\\/www.childrenfirst.ch\\\/de\\\/\",\"logo\":{\"@type\":\"ImageObject\",\"inLanguage\":\"de\",\"@id\":\"https:\\\/\\\/www.childrenfirst.ch\\\/de\\\/#\\\/schema\\\/logo\\\/image\\\/\",\"url\":\"https:\\\/\\\/www.childrenfirst.ch\\\/wp-content\\\/uploads\\\/2024\\\/12\\\/logo-1.png\",\"contentUrl\":\"https:\\\/\\\/www.childrenfirst.ch\\\/wp-content\\\/uploads\\\/2024\\\/12\\\/logo-1.png\",\"width\":305,\"height\":82,\"caption\":\"Children First\"},\"image\":{\"@id\":\"https:\\\/\\\/www.childrenfirst.ch\\\/de\\\/#\\\/schema\\\/logo\\\/image\\\/\"}}]}<\/script>\n<!-- \/ Yoast SEO plugin. -->","yoast_head_json":{"title":"Impressum - Children First","robots":{"index":"index","follow":"follow","max-snippet":"max-snippet:-1","max-image-preview":"max-image-preview:large","max-video-preview":"max-video-preview:-1"},"canonical":"https:\/\/www.childrenfirst.ch\/de\/imressum\/","og_locale":"de_DE","og_type":"article","og_title":"Impressum - Children First","og_description":"Impressum Children First GmbH Children First wurde im Jahr 2006 gegr\u00fcndet von Monica Shah einer Expertin f\u00fcr fr\u00fchkindliche Bildung, gegr\u00fcndet, um Kindern in der internationalen Gemeinschaft in Z\u00fcrich eine qualitativ hochwertige Betreuung und Bildung zu bieten. Verantwortlich: Monica Shah ZeemanDirektorinFreiestrasse 1758032 Z\u00fcrich","og_url":"https:\/\/www.childrenfirst.ch\/de\/imressum\/","og_site_name":"Children First","article_modified_time":"2025-01-31T11:08:40+00:00","og_image":[{"width":2560,"height":1707,"url":"https:\/\/www.childrenfirst.ch\/wp-content\/uploads\/2024\/06\/josh-applegate-p_KJvKVsH14-unsplash-scaled.jpg","type":"image\/jpeg"}],"twitter_card":"summary_large_image","schema":{"@context":"https:\/\/schema.org","@graph":[{"@type":"WebPage","@id":"https:\/\/www.childrenfirst.ch\/de\/imressum\/","url":"https:\/\/www.childrenfirst.ch\/de\/imressum\/","name":"Impressum - Children First","isPartOf":{"@id":"https:\/\/www.childrenfirst.ch\/de\/#website"},"datePublished":"2025-01-30T02:50:07+00:00","dateModified":"2025-01-31T11:08:40+00:00","breadcrumb":{"@id":"https:\/\/www.childrenfirst.ch\/de\/imressum\/#breadcrumb"},"inLanguage":"de","potentialAction":[{"@type":"ReadAction","target":["https:\/\/www.childrenfirst.ch\/de\/imressum\/"]}]},{"@type":"BreadcrumbList","@id":"https:\/\/www.childrenfirst.ch\/de\/imressum\/#breadcrumb","itemListElement":[{"@type":"ListItem","position":1,"name":"Home","item":"https:\/\/www.childrenfirst.ch\/de\/"},{"@type":"ListItem","position":2,"name":"Impressum"}]},{"@type":"WebSite","@id":"https:\/\/www.childrenfirst.ch\/de\/#website","url":"https:\/\/www.childrenfirst.ch\/de\/","name":"Children First","description":"International daycare, preschool and kindergarten","publisher":{"@id":"https:\/\/www.childrenfirst.ch\/de\/#organization"},"potentialAction":[{"@type":"SearchAction","target":{"@type":"EntryPoint","urlTemplate":"https:\/\/www.childrenfirst.ch\/de\/?s={search_term_string}"},"query-input":{"@type":"PropertyValueSpecification","valueRequired":true,"valueName":"search_term_string"}}],"inLanguage":"de"},{"@type":"Organization","@id":"https:\/\/www.childrenfirst.ch\/de\/#organization","name":"Children First","url":"https:\/\/www.childrenfirst.ch\/de\/","logo":{"@type":"ImageObject","inLanguage":"de","@id":"https:\/\/www.childrenfirst.ch\/de\/#\/schema\/logo\/image\/","url":"https:\/\/www.childrenfirst.ch\/wp-content\/uploads\/2024\/12\/logo-1.png","contentUrl":"https:\/\/www.childrenfirst.ch\/wp-content\/uploads\/2024\/12\/logo-1.png","width":305,"height":82,"caption":"Children First"},"image":{"@id":"https:\/\/www.childrenfirst.ch\/de\/#\/schema\/logo\/image\/"}}]}},"_links":{"self":[{"href":"https:\/\/www.childrenfirst.ch\/de\/wp-json\/wp\/v2\/pages\/5168","targetHints":{"allow":["GET"]}}],"collection":[{"href":"https:\/\/www.childrenfirst.ch\/de\/wp-json\/wp\/v2\/pages"}],"about":[{"href":"https:\/\/www.childrenfirst.ch\/de\/wp-json\/wp\/v2\/types\/page"}],"author":[{"embeddable":true,"href":"https:\/\/www.childrenfirst.ch\/de\/wp-json\/wp\/v2\/users\/2"}],"replies":[{"embeddable":true,"href":"https:\/\/www.childrenfirst.ch\/de\/wp-json\/wp\/v2\/comments?post=5168"}],"version-history":[{"count":6,"href":"https:\/\/www.childrenfirst.ch\/de\/wp-json\/wp\/v2\/pages\/5168\/revisions"}],"predecessor-version":[{"id":5527,"href":"https:\/\/www.childrenfirst.ch\/de\/wp-json\/wp\/v2\/pages\/5168\/revisions\/5527"}],"wp:attachment":[{"href":"https:\/\/www.childrenfirst.ch\/de\/wp-json\/wp\/v2\/media?parent=5168"}],"curies":[{"name":"wp","href":"https:\/\/api.w.org\/{rel}","templated":true}]}}

<div data-elementor-type="wp-page" data-elementor-id="5168" class="elementor elementor-5168 elementor-5164" data-elementor-post-type="page">
				<div class="elementor-element elementor-element-8cf96ce relative-section e-flex e-con-boxed e-con e-parent" data-id="8cf96ce" data-element_type="container" data-e-type="container">
					<div class="e-con-inner">
		<div class="elementor-element elementor-element-627e5f4f e-con-full e-flex e-con e-child" data-id="627e5f4f" data-element_type="container" data-e-type="container" data-settings="{&quot;background_background&quot;:&quot;classic&quot;}">
		<div class="elementor-element elementor-element-786c0f e-con-full e-flex e-con e-child" data-id="786c0f" data-element_type="container" data-e-type="container" data-settings="{&quot;background_background&quot;:&quot;classic&quot;}">
		<div class="elementor-element elementor-element-2ecafca5 e-con-full e-flex e-con e-child" data-id="2ecafca5" data-element_type="container" data-e-type="container" data-settings="{&quot;background_background&quot;:&quot;classic&quot;}">
				<div class="elementor-element elementor-element-5e086f2b elementor-widget__width-initial circle-box right-left elementor-widget elementor-widget-heading" data-id="5e086f2b" data-element_type="widget" data-e-type="widget" data-widget_type="heading.default">
				<div class="elementor-widget-container">
					<h2 class="elementor-heading-title elementor-size-default">Impressum</h2>				</div>
				</div>
				</div>
				</div>
				</div>
		<div class="elementor-element elementor-element-e007a36 e-con-full e-flex e-con e-child" data-id="e007a36" data-element_type="container" data-e-type="container" data-settings="{&quot;background_background&quot;:&quot;classic&quot;}">
		<div class="elementor-element elementor-element-32c20052 e-con-full e-flex e-con e-child" data-id="32c20052" data-element_type="container" data-e-type="container" data-settings="{&quot;background_background&quot;:&quot;classic&quot;}">
				<div class="elementor-element elementor-element-df4a5e5 elementor-widget elementor-widget-text-editor" data-id="df4a5e5" data-element_type="widget" data-e-type="widget" data-widget_type="text-editor.default">
				<div class="elementor-widget-container">
									<h2>Children First GmbH</h2><p><strong>Children First</strong> wurde im Jahr 2006 gegründet von <a href="https://www.childrenfirst.ch/de/monicas-geschichte/"><strong>Monica Shah </strong></a>einer Expertin für frühkindliche Bildung, gegründet, um Kindern in der internationalen Gemeinschaft in Zürich eine <strong>qualitativ hochwertige Betreuung</strong> <strong>und Bildung</strong> zu bieten.</p><p>Verantwortlich:</p><p>Monica Shah Zeeman<br />Direktorin<br />Freiestrasse 175<br />8032 Zürich</p>								</div>
				</div>
				</div>
				</div>
					</div>
				</div>
				</div>

<p>Impressum Children First GmbH Children First wurde im Jahr 2006 gegründet von Monica Shah einer Expertin für frühkindliche Bildung, gegründet, um Kindern in der internationalen Gemeinschaft in Zürich eine qualitativ hochwertige Betreuung und Bildung zu bieten. Verantwortlich: Monica Shah ZeemanDirektorinFreiestrasse 1758032 Zürich</p>

<!-- This site is optimized with the Yoast SEO plugin v28.2 - https://yoast.com/product/yoast-seo-wordpress/ -->
<title>Impressum - Children First</title>
<meta name="robots" content="index, follow, max-snippet:-1, max-image-preview:large, max-video-preview:-1" />
<link rel="canonical" href="https://www.childrenfirst.ch/de/imressum/" />
<meta property="og:locale" content="de_DE" />
<meta property="og:type" content="article" />
<meta property="og:title" content="Impressum - Children First" />
<meta property="og:description" content="Impressum Children First GmbH Children First wurde im Jahr 2006 gegründet von Monica Shah einer Expertin für frühkindliche Bildung, gegründet, um Kindern in der internationalen Gemeinschaft in Zürich eine qualitativ hochwertige Betreuung und Bildung zu bieten. Verantwortlich: Monica Shah ZeemanDirektorinFreiestrasse 1758032 Zürich" />
<meta property="og:url" content="https://www.childrenfirst.ch/de/imressum/" />
<meta property="og:site_name" content="Children First" />
<meta property="article:modified_time" content="2025-01-31T11:08:40+00:00" />
<meta property="og:image" content="https://www.childrenfirst.ch/wp-content/uploads/2024/06/josh-applegate-p_KJvKVsH14-unsplash-scaled.jpg" />
	<meta property="og:image:width" content="2560" />
	<meta property="og:image:height" content="1707" />
	<meta property="og:image:type" content="image/jpeg" />
<meta name="twitter:card" content="summary_large_image" />
<script type="application/ld+json" class="yoast-schema-graph">{"@context":"https:\/\/schema.org","@graph":[{"@type":"WebPage","@id":"https:\/\/www.childrenfirst.ch\/de\/imressum\/","url":"https:\/\/www.childrenfirst.ch\/de\/imressum\/","name":"Impressum - Children First","isPartOf":{"@id":"https:\/\/www.childrenfirst.ch\/de\/#website"},"datePublished":"2025-01-30T02:50:07+00:00","dateModified":"2025-01-31T11:08:40+00:00","breadcrumb":{"@id":"https:\/\/www.childrenfirst.ch\/de\/imressum\/#breadcrumb"},"inLanguage":"de","potentialAction":[{"@type":"ReadAction","target":["https:\/\/www.childrenfirst.ch\/de\/imressum\/"]}]},{"@type":"BreadcrumbList","@id":"https:\/\/www.childrenfirst.ch\/de\/imressum\/#breadcrumb","itemListElement":[{"@type":"ListItem","position":1,"name":"Home","item":"https:\/\/www.childrenfirst.ch\/de\/"},{"@type":"ListItem","position":2,"name":"Impressum"}]},{"@type":"WebSite","@id":"https:\/\/www.childrenfirst.ch\/de\/#website","url":"https:\/\/www.childrenfirst.ch\/de\/","name":"Children First","description":"International daycare, preschool and kindergarten","publisher":{"@id":"https:\/\/www.childrenfirst.ch\/de\/#organization"},"potentialAction":[{"@type":"SearchAction","target":{"@type":"EntryPoint","urlTemplate":"https:\/\/www.childrenfirst.ch\/de\/?s={search_term_string}"},"query-input":{"@type":"PropertyValueSpecification","valueRequired":true,"valueName":"search_term_string"}}],"inLanguage":"de"},{"@type":"Organization","@id":"https:\/\/www.childrenfirst.ch\/de\/#organization","name":"Children First","url":"https:\/\/www.childrenfirst.ch\/de\/","logo":{"@type":"ImageObject","inLanguage":"de","@id":"https:\/\/www.childrenfirst.ch\/de\/#\/schema\/logo\/image\/","url":"https:\/\/www.childrenfirst.ch\/wp-content\/uploads\/2024\/12\/logo-1.png","contentUrl":"https:\/\/www.childrenfirst.ch\/wp-content\/uploads\/2024\/12\/logo-1.png","width":305,"height":82,"caption":"Children First"},"image":{"@id":"https:\/\/www.childrenfirst.ch\/de\/#\/schema\/logo\/image\/"}}]}</script>
<!-- / Yoast SEO plugin. -->

Impressum Children First GmbH Children First wurde im Jahr 2006 gegründet von Monica Shah einer Expertin für frühkindliche Bildung, gegründet, um Kindern in der internationalen Gemeinschaft in Zürich eine qualitativ hochwertige Betreuung und Bildung zu bieten. Verantwortlich: Monica Shah ZeemanDirektorinFreiestrasse 1758032 Zürich
